units digit of t?
5
Let h(q) = 0 - 3 + 2*q**2 + 3*q**2 + 5*q. What is the units digit of h(3)?
7
Let w = 92 - 57. Let p be w/(-14)*8/(-10). Let b = 12 - p. What is the units digit of b?
0
Suppose 2*a = 5*d + 14, -1 = a + 4*d + 5. What is the units digit of a?
2
Suppose 315 = -6*o + 1185. What is the units digit of o?
5
Let o be 3 + -2 + 18*-1. Let a = 35 + o. What is the tens digit of a?
1
Let t(f) = f**2 + 8*f + 8. Let h(u) = 3*u**2 + 17*u + 15. Let x(c) = -2*h(c) + 5*t(c). Suppose 35 = 8*w - 3*w. What is the units digit of x(w)?
3
Suppose 6*c - 10 = c. Let t be (1/(-2))/((-2)/24). Let h = t - c. What is the units digit of h?
4
Let r(n) = 4*n - 9. Let j(m) = -5*m**2 - 2*m - 1. Let p(h) = -h**2. Let v(q) = -j(q) - 3*p(q). Let w be v(-1). What is the tens digit of r(w)?
1
Suppose -2*c = 105 - 305. What is the units digit of c?
0
Suppose -3*w + 14 + 1 = 0. Let x be (-62)/w - (-6)/15. Let t = 20 + x. What is the units digit of t?
8
Let r(w) = w**2 + w + 16. Let m be r(0). Suppose 2*z = 16 + m. What is the units digit of z?
6
Suppose -28 = -0*j + 4*j. What is the units digit of 2/j + 130/14?
9
Suppose 5*s - 228 = 4*s. What is the units digit of s?
8
Suppose -17*o + 3608 = -1594. What is the tens digit of o?
0
Let c = -53 + 107. What is the units digit of c?
4
Let v be 0 - (5 - (-2 - -4)). What is the tens digit of (-35)/v - (-2)/(-3)?
1
Suppose 2*h + 27 = -q, 57 = -4*h - 3*q - 0. What is the units digit of (-62)/5*30/h?
1
Suppose -3*y - 5*m + 159 = -2*m, 8 = -2*m. What is the units digit of y?
7
Suppose 285 + 307 = 4*h. What is the tens digit of h?
4
Let s = -7 + 16. What is the units digit of s?
9
Suppose -4*d = 2*o - 8, -4*d + 24 - 8 = 3*o. Let k(q) = q**3 - 8*q**2 + 2*q + 7. What is the tens digit of k(o)?
2
Suppose 22*t - 18*t = 388. What is the tens digit of t?
9
Suppose 3*g - 11 = 19. Suppose -2 = -r + g. What is the units digit of r?
2
Let m = -4 + 4. Suppose 3*g + 18 = -3*r, -4*r + 5*g + 14 + 7 = m. What is the units digit of (-1 - 9)/(r - 0)?
0
Let w be 1/2*0/2. Suppose -4*j + 2*c + 2 = w, 5*j - c + 4*c - 8 = 0. Suppose -j + 2 = x. What is the units digit of x?
1
Suppose -2*g = -5*v + 2*v + 541, -v + 183 = 2*g. What is the tens digit of v?
8
Let h = 82 - 52. What is the units digit of h?
0
What is the units digit of (-1 + 1 + -1)*(-128 + 15)?
3
Let f(b) = -5*b + 2. Let d be f(2). Let x = -7 - d. What is the units digit of x?
1
Suppose -2*c + 3*t = -2*t + 1, 5*c + 19 = -4*t. Let x(a) = -2*a**3 - 5*a**2 - 4*a - 3. What is the units digit of x(c)?
8
Let r(p) = -13*p + 13. Let b(d) = 19*d - 20. Let a(i) = -5*b(i) - 8*r(i). Let l be a(3). Suppose 16 + l = 3*c. What is the units digit of c?
3
Suppose 2*l = -11 - 21. What is the units digit of 9/(-6)*(-4 + l)?
0
Let g(h) = -h**3 - 1. Let u(x) = -5*x**3 - 3*x**2 + 4*x - 4. Let t(k) = -4*g(k) + u(k). Let z be t(-4). What is the units digit of (z + -1 - 2)*-2?
6
What is the tens digit of 18 + 1 - (-10 - -6)?
2
Suppose -2*b - 6 = 2*c + 2*b, -c + b + 9 = 0. Suppose c*p - 4 = -s, s - 8 = -3*p + 6*s. What is the units digit of p?
1
Let k = 2 + 13. Suppose -7 = -2*z + k. What is the units digit of z?
1
Let q be (3/2)/(6/4). What is the units digit of q/(1 + (-112)/116)?
9
Let q(o) = 6*o - 6. Let m be q(4). Suppose 2*k + m = 3*v, -k + 3*v - 23 = -2*v. Let i = k - -11. What is the units digit of i?
8
Let c(q) be the first derivative of 2 + 1/2*q**2 - 5*q. What is the units digit of c(7)?
2
Suppose 12*k = 9*k + 537. What is the hundreds digit of k?
1
Suppose 9*c = 3856 - 283. What is the units digit of c?
7
Let m(h) = -6*h + 6. Let t(q) = q - 1. Let k(c) = m(c) + 5*t(c). Let i be k(3). What is the tens digit of -1 - i - (0 - 9)?
1
Suppose -3*o - 4*s + 979 = 0, -7 = -3*s + 5. What is the hundreds digit of o?
3
Let p(y) = 7*y**3 + 2*y - 1. Let c be p(1). What is the units digit of 2 - 21*c/(-12)?
6
What is the units digit of ((-138)/5)/(20/(-50))?
9
Let t be (-2)/(-4) - (-15)/(-6). Suppose x + 3*x + 12 = 0. Let g = t - x. What is the units digit of g?
1
Suppose -1 = 2*u - 5. Suppose -t - 5*f + 40 = 0, -2*f = -2*t + u + 18. What is the tens digit of t?
1
Suppose -318 = -2*m - 5*y, -823 = -3*m + y - 312. What is the tens digit of m?
6
Suppose -4*u + m + 312 = 127, 2*m - 147 = -3*u. What is the units digit of u?
7
Let c = -32 - -88. Let r = 82 - c. What is the tens digit of r?
2
Suppose -2*r + 40 = 16. What is the tens digit of r?
1
Suppose 4*s - x - 241 = 0, -2*s + 5*x - 21 = -164. What is the tens digit of s?
5
Let b(d) = -d**3 - 3*d**2 - 4*d - 2. Let c be b(-3). Let t(k) = c*k**2 - k**3 - 7*k + 10 - 5 - 2*k**2. What is the units digit of t(7)?
5
Suppose 5*d = -0 + 20. Suppose -d*g + 51 = -33. What is the units digit of g?
1
Let o(d) = d**2 - d + 2. Suppose -2*q - 1 = 3*j + 3, 3*q = 3. Let u be (-1 - j) + (-2)/(-1). What is the units digit of o(u)?
8
Let z(d) = d**3 - 2*d**2 - d - 1. Let c be z(3). Suppose -c*l - 2*m + 32 = -3*l, -2*l + 3*m = -27. What is the tens digit of l?
1
Let f = -10 - -15. Let x(y) = -f + 7 + 7 - y + 0*y. What is the units digit of x(7)?
2
Let b(j) = -10*j - 5*j**2 + 8 + 2*j**2 + 4*j**2. What is the units digit of b(10)?
8
Let p(o) = -5*o + 6. Let v(u) = -u + 1. Let j(r) = p(r) - 4*v(r). Let f be -10*((-7)/(-2) + -3). What is the units digit of j(f)?
7
Let c = -5 + 7. Suppose 4*v - 36 = -c*y, 2*v - 24 = -5*y + 66. What is the tens digit of y?
1
Let l(k) = -k**3 + 7*k**2 - 4*k - 6. Let a(u) = -2*u + u - u**2 + 0*u**2 + 0 + u**3 + 6. Let d be a(0). What is the units digit of l(d)?
6
What is the tens digit of (10/(-8))/((-4)/64)?
2
Let p(k) = k**2 - 4*k - 6. Let t be p(6). Suppose 0*w - 3*w = -t. What is the units digit of w?
2
Let x = -4 + 10. Suppose -x*u = -u. What is the units digit of 5 - u/(-1*3)?
5
Let q be (4 - -28)/(4/2). What is the units digit of (3/(-5))/(q/(-80))?
3
Let q(i) = -i**3 + 5*i**2 + 3. Let o be q(5). Suppose o*x - 4*t = -3*t + 24, -2*x + 8 = 2*t. What is the units digit of x?
7
Let p be 2 + 5/(5/(-2)). Suppose p = 3*t + 2*t. What is the units digit of t - (-6 + (-1 - -2))?
5
Let l(d) = 5 + 2*d**2 - 2*d**2 - d**3. Let c be l(0). Suppose -3*r = c*t + 2*r - 20, -3*t - 3 = -2*r. What is the units digit of t?
1
Let n = -68 - -121. What is the units digit of n?
3
Suppose -6*y + 4*y = -260. What is the tens digit of y?
3
Suppose -4*c + 33 + 70 = 3*q, 34 = c - 2*q. What is the tens digit of c?
2
Let h be (-7 + 9)*(-1)/(-1). Let r = -9 + h. Let w(t) = -t + 2. What is the units digit of w(r)?
9
What is the units digit of ((-1)/3)/(15/(-2070))?
6
Suppose -17 = 4*o - 293. What is the units digit of o?
9
Suppose 7*m - 330 = 2*m. What is the units digit of m?
6
Suppose 0 = -2*u - 3*u + 25. Suppose 2*p = u*p - 63. What is the units digit of (p/(-12))/(2/(-8))?
7
What is the units digit of (2 + 29)*-6*-2?
2
Let a be 86/18 - 2/(-9). Suppose -3*h + a*d + 26 = 0, 3*h - 24 = -0*h + 3*d. What is the units digit of 3/(2 + h/(-5))?
5
Suppose 0 = -2*d - 3 + 17. Let v(c) = 3*c**2 - 16*c - 6. What is the tens digit of v(d)?
2
Let o(d) = -d**3 - 4*d**2 - 7*d - 9. Let p be o(-4). Suppose -k = -0*k - p. What is the units digit of k?
9
Suppose 3*c - 3*r - 48 = 0, 3*c + 2*r + 0*r = 33. Let w = c - -25. What is the units digit of w?
8
Let i be 3 - (-2 + 0/(-3)). Suppose 2*x = 5*f + 7*x, -2*f + 14 = -i*x. What is the units digit of f?
2
Let n(w) = -w + 7. Let h be n(0). What is the units digit of 23/h + (-8)/28?
3
Let b = 4 - 4. Suppose 5*q + n - 25 = -4*n, b = 4*n. What is the units digit of ((-2)/q)/((-2)/40)?
8
Suppose 3*z = 3*d + d - 1, 2*z = d + 6. Suppose -5*u + z*l = -220, u + u = -2*l + 80. What is the tens digit of u?
4
What is the units digit of -6*2/(-6) - 1?
1
Suppose 3 = f + l, -3*f + 0*l = 4*l - 9. Suppose f*x - 5 = 2*x. What is the units digit of x?
5
Suppose 3*o = 2*f + f - 60, 4*f + 5*o - 35 = 0. What is the units digit of f?
5
Suppose 2*n + 3 = 5*n. Let h(p) = -p + 2. What is the units digit of h(n)?
1
Suppose x + 1754 = 6*x - 2*t, -t + 698 = 2*x. What is the units digit of x?
0
Suppose 0 = 3*y + 3, t + 2*y + 3*y + 15 = 0. Let p(c) = c**3 + 10*c**2 + c + 12. Let v be p(t). Suppose -v*a = -7*a + 5. What is the units digit of a?
1
Let i = -11 - -11. Suppose i = 5*d + 2*g - 47 - 57, 4*g - 108 = -5*d. What is the units digit of d?
0
Let n(u) = -6*u**2 + 2*u + 1. Let g be n(-1). 